
What is 135b75 (base 12) in base 7?
2505614
-2216303 (base 8) to base 2
-10010001110011000011
30a949 (base 11) to base 4
1321133011
Convert -100010021001010 (base 3) to base 13.
-100934a
1c468 (base 16) to base 12
57034
-325145 (base 10) to base 12
-1381b5
31220010213 (base 4) to base 16
368127
What is -772840 (base 13) in base 6?
-140041024
Convert df0f75 (base 16) to base 5.
12220242420
3376908 (base 10) to base 3
20100120020200
What is 1331402 (base 6) in base 8?
220772
253232211 (base 6) to base 14
920811
What is -1010010111101100011 (base 2) in base 6?
-11141111
Convert -5336173 (base 8) to base 9.
-2611045
-29d506 (base 16) to base 12
-b02632
2841c (base 15) to base 5
13113202
What is -1a646b6 (base 12) in base 11?
-318a390
What is -1c0b57 (base 13) in base 10?
-715956
What is ac63 (base 15) in base 6?
441103
311418 (base 10) to base 7
2434632
-10010100010010011010001 (base 2) to base 3
-100010212102021
-add0a (base 15) to base 13
-164971
-6478c5 (base 16) to base 3
-110101112021000
-9d3ee (base 15) to base 2
-1111010001010101111
What is -310231110302 (base 4) in base 13?
-2b2a12a
Convert -10400234 (base 5) to base 6.
-1535514
What is -6310202 (base 10) in base 14?
-ba38ca
What is 10503201 (base 7) in base 6?
31250550
Convert 3154223 (base 6) to base 10.
155175
-13e30 (base 15) to base 7
-354300
What is -635dd (base 14) in base 13?
-85271
What is 10011010101011101100110 (base 2) in base 11?
2952170
Convert 72127 (base 9) to base 10.
47491
-70963 (base 12) to base 8
-436133
Convert 76a6a5 (base 12) to base 8.
7140535
-1123210300 (base 4) to base 9
-631464
-1010132031 (base 4) to base 3
-112020201110
What is 331527 (base 10) in base 2?
1010000111100000111
-112364031 (base 7) to base 15
-911693
What is 1281600 (base 14) in base 13?
1b025c5
Convert 1001010111011101111010 (base 2) to base 12.
9a4b62
-837b0 (base 14) to base 16
-4d69e
-21250015 (base 8) to base 6
-241205553
What is -4677448 (base 9) in base 12?
-a20b68
What is 486a76 (base 14) in base 16?
25cc60
What is 425772 (base 9) in base 12?
10290b
What is -2551745 (base 11) in base 6?
-234452333
-510819 (base 12) to base 3
-2101022201110
Convert -220322332 (base 4) to base 5.
-20330424
What is 1170376 (base 10) in base 11?
72a359
-235401432 (base 6) to base 10
-4463804
Convert 1180562 (base 10) to base 3.
2012222102112
Convert 51a3a (base 15) to base 5.
31240210
Convert 6b719 (base 14) to base 4.
333332323
Convert -1111111000111001100001 (base 2) to base 15.
-574212
Convert -1716862 (base 9) to base 12.
-3a159b
-89892a (base 15) to base 7
-106520314
-993895 (base 12) to base 11
-141168a
What is -230130214 (base 5) in base 9?
-1825103
What is -128617 (base 10) in base 8?
-373151
What is -8494060 (base 10) in base 6?
-502020204
Convert 11330103 (base 5) to base 9.
170057
What is 100011001010001011 (base 2) in base 15?
2ca0b
23517742 (base 9) to base 13
24b6987
-100100111110011101101 (base 2) to base 7
-13204306
What is 17052 (base 16) in base 2?
10111000001010010
Convert 2b31c6 (base 16) to base 5.
1211041130
Convert 1524110 (base 8) to base 2.
1101010100001001000
Convert -1106514 (base 7) to base 3.
-20221121120
Convert 1112ba (base 15) to base 3.
1112100121011
What is -80590 (base 15) in base 6?
-12412500
What is -14036893 (base 10) in base 3?
-222102010222221
Convert -a6600 (base 11) to base 16.
-25df2
-14200312 (base 5) to base 16
-23e0d
Convert 344004 (base 7) to base 10.
61401
What is -111000101101000 (base 2) in base 14?
-a81a
Convert 1184333 (base 13) to base 2.
10100101111001000010111
Convert 1433500 (base 6) to base 14.
220b2
-433188 (base 11) to base 5
-134123322
327256 (base 8) to base 13
3b251
-62b9a0 (base 12) to base 7
-16134126
Convert 279f4 (base 16) to base 15.
33147
-1112042425 (base 6) to base 13
-268c085
Convert 10243352 (base 7) to base 2.
11010011111010000110
20204 (base 5) to base 9
1708
Convert -26a812 (base 11) to base 2.
-1100111100100101111
-5414600 (base 7) to base 3
-1020111201102
59272 (base 10) to base 4
32132020
Convert -21200003202 (base 4) to base 10.
-2490594
What is 156217 (base 14) in base 8?
2662435
Convert -14365738 (base 9) to base 15.
-95c698
Convert 20200221012002 (base 3) to base 2.
1101100101011101010110
Convert 1122329 (base 14) to base 15.
aaed8a
What is 76315a (base 12) in base 8?
7107426
3e5bc (base 16) to base 15
50a30
33203210 (base 4) to base 12
30a58
What is 3133223303 (base 4) in base 8?
3375363
Convert -101000320 (base 4) to base 15.
-159ad
-1515440 (base 6) to base 10
-88080
Convert -26101463 (base 7) to base 15.
-31c4eb
-204342 (base 9) to base 5
-12340140
Convert -10442333411 (base 5) to base 14.
-17a1c34
-154416 (base 7) to base 8
-73271
What is -41141204 (base 5) in base 2?
-1010001100001101001
337ceb (base 16) to base 3
20100102200122
Convert ac29a8 (base 14) to base 11.
3333730
Convert 240006341 (base 7) to base 13.
30c13b2
Convert b297b8 (base 12) to base 11.
163a194
Convert -174a03 (base 15) to base 3.
-2010101101110
1011011011001001111111 (base 2) to base 11
176605a
Convert -1704366 (base 8) to base 3.
-221002101102
Convert 1111011101110011011 (base 2) to base 6.
14510111
45149a (base 11) to base 2
10101111100111100101
-11112101201 (base 3) to base 11
-61046
Convert 108301 (base 10) to base 15.
22151
Convert -1484809 (base 11) to base 14.
-4a1510
What is 4920 (base 16) in base 13?
86a0
Convert -311b80 (base 16) to base 13.
-888b2b
14a7ba (base 13) to base 7
4216336
Convert -15052126 (base 7) to base 9.
-2611101
What is 35a129 (base 11) in base 13?
16c494
Convert -1145187 (base 9) to base 8.
-2273773
Convert 1f1a3 (base 16) to base 6.
2421443
-1000110001001001001100 (base 2) to base 11
-132a945
What is -255230 (base 9) in base 13?
-5557b
Convert 2235c (base 14) to base 16.
1442e
109837 (base 11) to base 2
101010011111010110
Convert 989628 (base 10) to base 16.
f19bc
Convert -183356 (base 10) to base 5.
-21331411
What is 326311 (base 7) in base 12?
292a4
43304700 (base 8) to base 3
122110021001122
Convert 1344100 (base 6) to base 7.
434526
Convert 18338 (base 11) to base 8.
62135
e3ae (base 16) to base 10
58286
What is 31733a9 (base 12) in base 4?
203230211301
Convert -21116 (base 15) to base 9.
-168763
What is 96806 (base 12) in base 8?
603006
What is 113005341 (base 6) in base 5?
1014210413
Convert -1223113023 (base 4) to base 16.
-6b5cb
Convert 101110001001010010110 (base 2) to base 6.
52224222
What is 11230031000 (base 4) in base 8?
5541500
110201020020002 (base 3) to base 2
11001110001010111011111
135032 (base 8) to base 7
255620
-21002120210120 (base 3) to base 6
-212454110
2564153 (base 8) to base 16
ae86b
4221a (base 11) to base 15
13344
6694611 (base 11) to base 12
3b1a27b
27128 (base 13) to base 11
4a695
Convert -26c663 (base 13) to base 11.
-593329
-4b5118 (base 15) to base 6
-205223522
What is -1112120 (base 5) in base 8?
-46314
Convert 216217 (base 10) to base 6.
4345001
What is -1215789 (base 11) in base 15?
-2bbe03
What is -142432634 (base 7) in base 14?
-135c88b
What is -111011010101 (base 2) in base 5?
-110142
-10110010020 (base 3) to base 12
-33350
-101010103110 (base 4) to base 10
-4474068
631122 (base 12) to base 6
53212442
Convert -225a8b0 (base 13) to base 3.
-201212121222202
10110101111001111101110 (base 2) to base 3
102012211112011
Convert -20101211012 (base 3) to base 2.
-11110110000100011
Convert -21b6d (base 14) to base 15.
-193a4
What is 3a923 (base 12) in base 8?
235653
What is -641548 (base 11) in base 2?
-11111010101100101010
Convert 265801 (base 9) to base 13.
5881c
Convert -201222212212101 (base 3) to base 14.
-15a8903
Convert 8cebe3 (base 15) to base 7.
111140046
3040440 (base 6) to base 9
241306
-12033102 (base 4) to base 16
-63d2
Convert 625305 (base 8) to base 7.
1523060
-101002102021 (base 3) to base 9
-332367
What is 2742b0 (base 12) in base 6?
21533540
11304233 (base 5) to base 6
2120021
-24210034 (base 5) to base 8
-670554
Convert -33012133033 (base 4) to base 7.
-45435334
Convert -22010660 (base 8) to base 6.
-245122144
-101011110111110101 (base 2) to base 16
-2bdf5
What is 824a (base 16) in base 10?
33354
What is -219aa (base 15) in base 13?
-39802
8a26 (base 13) to base 15
5ab8
374717a (base 11) to base 10
6510129
What is 13070013 (base 8) in base 4?
23013000023
a9077 (base 15)